ighest common divisor of v and j.
23
Let f(a) = a + 7. Let g be f(0). Let t be 187/9 + (-12)/(-54). What is the greatest common divisor of g and t?
7
Let q(r) = 8*r - 2*r + 14*r**2 - 6*r. Let h be q(-1). Calculate the highest common factor of 14 and h.
14
Suppose -412 = 4*r - 0*r. Let b = r - -173. Suppose -3*s - 10 = -b. Calculate the highest common factor of 4 and s.
4
Let x(i) = i**2 + 17*i - 56. Let n be x(-23). Calculate the greatest common divisor of 123 and n.
41
Suppose 5*o - 1 = 9. Suppose -o*b - 272 = -6*b. What is the greatest common factor of 17 and b?
17
Let n be 38 - 4/(-2) - 0/(-1). Calculate the greatest common factor of 16 and n.
8
Let f(v) = -v. Let m be f(-5). Let x be (-6)/(2/(-64)*6). Suppose x = s - 8. Calculate the highest common factor of m and s.
5
Let p = 202 - 112. Let y = -64 + p. Suppose 3*j = 98 + 19. Calculate the greatest common divisor of j and y.
13
Let f = 356 + -196. Let p = f - -8. Suppose j = 5*j - p. Calculate the greatest common factor of 14 and j.
14
Suppose 0 = -v + 3*v + 4, -633 = 3*g + 3*v. Let s = g - -321. Calculate the highest common divisor of s and 14.
14
Let l = -5 - -10. Suppose l*t = -79 + 1964. Let j = -265 + t. What is the greatest common factor of j and 14?
14
Let c(h) = 3*h - 12. Let l be c(7). What is the highest common factor of 9 and l?
9
Suppose 2 = 4*w + 4*o - 2, 5*w - 13 = 3*o. Calculate the greatest common divisor of w and 16.
2
Let l = 4 + 0. Suppose -5*v - 2*h + 95 = 0, l*v + 4*h - 3*h = 76. What is the greatest common factor of v and 133?
19
Suppose 0 = 3*m - 3*b - 201, -2*b + 164 = 4*m - 80. Calculate the greatest common divisor of m and 7.
7
Suppose 14 = 2*a - 0. Let p = 60 - 32. Calculate the greatest common factor of p and a.
7
Let g = -45 - -113. Suppose 3*z - 159 = -3*k, 0 = -4*z + k + 255 - g. What is the highest common divisor of 6 and z?
6
Let o = 90 + -75. What is the highest common factor of 6 and o?
3
Let i be 95/25 - 2/(-10). Suppose i*r - 24 = -4*c, 3*r - 5*c = -6*c + 8. Suppose 2*z - 55 = -3*z. What is the highest common factor of r and z?
1
Let q = 31 - -34. Let j(n) be the second derivative of n**5/5 - n**4/12 - n**2 - 4*n. Let b be j(2). Calculate the greatest common divisor of q and b.
13
Let t = 7 + -2. Let y be t/((2 + -1)/5). Let r(o) = -o**2 - 6*o + 5. Let a be r(-5). What is the greatest common factor of a and y?
5
Let u be 1/2 - (-18)/4. Suppose 4*c = u*m - 55, -2*m + 3*c = -3*m + 30. What is the greatest common factor of 3 and m?
3
Let s(n) = -13*n**3 + n**2 - 1. Suppose 2*i + 4 + 1 = 3*y, i + 2*y - 1 = 0. Let a be s(i). What is the greatest common divisor of a and 91?
13
Let c(d) = 5*d - 4. Let k be c(4). Let m = -10 - -7. Let q be (64/m)/(3/(-9)). Calculate the highest common factor of k and q.
16
Let h be -49*(2/(-1) - -1). Suppose 0 = -5*f + 30 - 5. Let u be (4 - f)/((-2)/14). Calculate the highest common divisor of h and u.
7
Let z(q) = -q - 3. Let b = 3 + -7. Let k be z(b). Let u be (10 - -4) + -1 + k. What is the greatest common factor of u and 98?
14
Suppose 15 + 21 = 3*s - t, -s = -3*t - 12. Let p = -8 + 12. Calculate the highest common factor of p and s.
4
Let d = 13 - 9. Suppose -2*c = 2*j - 28, -67 = -j - d*j - 2*c. Calculate the greatest common divisor of 39 and j.
13
Suppose -r + 62 = -4*o, -47 = r - 2*r + o. What is the greatest common factor of r and 28?
14
Let p be -5*(6/15 + -1). What is the greatest common factor of p and 33?
3
Suppose -z + 11 = 4*d + 4, -z + 3*d = 0. Let t(r) = r**2 - 2*r + 3. Let w be t(z). Suppose 41 + 49 = 5*q. What is the greatest common factor of q and w?
6
Let m be -2*(-2)/4 - -69. Suppose -59 = -15*s + 91. What is the highest common divisor of s and m?
10
Let j = -31 + 35. Let s be (1 + 1 + -3)*-6. Calculate the greatest common factor of s and j.
2
Suppose 3*o + u = 766 + 223, -2*o - 4*u = -656. Calculate the highest common factor of 30 and o.
30
Let v(s) = -s**3 - 10*s**2 - 2*s - 7. Let p = -17 + 7. Let h be v(p). Calculate the highest common factor of h and 52.
13
Let n(s) = -s - 3. Let h(l) = 3*l + 8. Let o(y) = 4*h(y) + 11*n(y). Let q be o(7). Calculate the greatest common divisor of q and 30.
6
Suppose 3*r - n + 6 = 65, -2*n = -r + 23. Calculate the highest common factor of 95 and r.
19
Suppose 11 = -2*u - 9. Let c be ((-64)/u)/(2/10). Let g be (1 - 2)*(-6 - 2). Calculate the highest common factor of g and c.
8
Let p(z) = 10*z - 38. Let s be p(5). Let a(t) = 3*t**3 - t**2. Let y be a(1). What is the highest common factor of y and s?
2
Let j(n) be the second derivative of -n**5/10 - n**4/4 + n**3/2 - 2*n**2 - 2*n. Let o be j(-3). What is the highest common factor of o and 14?
14
Suppose -5*v = v. Let z be 2 + 16 - (2 - v). What is the greatest common factor of 4 and z?
4
Suppose 22*h - 45 = 19*h. Calculate the greatest common factor of h and 6.
3
Suppose 74 = 2*c + a - 145, -a = -c + 105. Let g be 8/6*(-18)/4. Let r(i) = -i + 6. Let j be r(g). Calculate the greatest common divisor of c and j.
12
Suppose -7*l - 51 = -128. Let k(z) = z - 5. Let y be k(6). What is the highest common factor of l and y?
1
Suppose 2*t + 2*w + 38 = 474, -3*t = -4*w - 640. What is the greatest common factor of 24 and t?
24
Let x(t) = t**2 + 3*t - 8. Let u be x(-4). Let a = u + 14. Calculate the greatest common factor of a and 100.
10
Suppose -192 = -2*k - 2*k. Suppose 0*d + 16 = d - 2*y, 0 = -4*d - y + 19. Calculate the highest common divisor of d and k.
6
Suppose -n + 2184 = 7*n. What is the highest common factor of 39 and n?
39
Suppose 4*y + 0*y - 2*p - 26 = 0, -4*y = -4*p - 16. Suppose -45 = -4*h - h. Calculate the highest common factor of h and y.
9
Let n = 312 + -217. What is the highest common divisor of n and 19?
19
Suppose 0 = c - 2. Let f = 2 + c. Suppose 0 = -t - f*t + 60. What is the greatest common divisor of t and 12?
12
Let j(i) = 4*i - 2. Let z(b) = 3*b - 2. Let m(o) = -6*j(o) + 7*z(o). Suppose 11 = 3*d + 29. Let q be m(d). Calculate the highest common factor of 40 and q.
8
Let h = 127 - 112. Calculate the greatest common divisor of h and 345.
15
Suppose 0 = d - 0*d - 36. What is the highest common factor of d and 9?
9
Let w be 9/(-6)*64/(-6). Suppose 5*b + 20 = 2*v - 0*v, -b + 5*v - 27 = 0. Let n = w - b. Calculate the highest common divisor of n and 12.
6
Let v = 54 - 4. What is the greatest common divisor of v and 125?
25
Let p = -2 + 6. Suppose 2*g - p*g - o + 67 = 0, -4*o = -3*g + 117. Suppose 14 - 6 = 2*v, -22 = -2*i - 2*v. What is the highest common factor of i and g?
7
Suppose 4*q - 5*u = 28, 0*u = 4*q + 2*u. What is the highest common divisor of q and 8?
2
Let o = 0 - -12. Calculate the greatest common factor of 48 and o.
12
Let h be 81*2/(0 - -2). Let y be ((-1)/(-3))/(2/12). Suppose -l = -y*l + 9. What is the highest common divisor of h and l?
9
Let k be 1 - 1 - 0 - (1 + -69). Calculate the highest common divisor of 34 and k.
34
Suppose 16 = -6*b + 112. Calculate the highest common factor of 176 and b.
16
Suppose 3 = -4*a + 7. Let w be (a + -2)*(-7 + 1). What is the greatest common divisor of w and 66?
6
Suppose -3 - 3 = -3*u, 2*n - 4*u - 28 = 0. Let i = 137 - 135. What is the greatest common divisor of n and i?
2
Let b(g) = g**3 + 6*g**2 - 7. Let n be b(-5). Suppose -3*q + 40 = 5*o, 3*q - 3*o - n = 2*q. Let t = -56 + 116. What is the greatest common factor of q and t?
15
Let p(x) = x**3 - x**2 - 3*x - 3. Let l be p(3). Let k = 9 - l. Suppose -a + n + 15 = 5*n, -4*a + k*n = -22. Calculate the highest common factor of a and 1.
1
Let m = -43 - -53. Let o(n) = n**2 - 2*n - 5 - 4*n + 5*n. Let s be o(-5). What is the greatest common factor of s and m?
5
Let k(n) = -2*n + 4. Let y be k(-5). Suppose v - 11 = -3*f, v - 2*f - y = -4*f. Suppose -2*z + 0*z = -v. Calculate the highest common divisor of 80 and z.
10
Let v = 55 + -98. Let c = -78 - v. Let k = 65 + c. Calculate the highest common factor of k and 15.
15
Let q = -16 - -34. Calculate the highest common factor of 6 and q.
6
Suppose -8*o + 4*o + 80 = 0. Calculate the greatest common divisor of 50 and o.
10
Let t be 1/4 - (-94)/8. Let w be (-2)/(112/(-36) - -3). What is the greatest common divisor of w and t?
6
Let o(v) = -3*v + 13. Let s be o(9). Let t be (-8)/(-28) + (-1760)/s. Let y(z) = z**2 - z + 18. Let f be y(0). Calculate the highest common facto